{"id":73,"date":"2020-09-18T18:17:12","date_gmt":"2020-09-18T16:17:12","guid":{"rendered":"http:\/\/drzenkl.cz\/?page_id=73"},"modified":"2026-02-03T15:38:08","modified_gmt":"2026-02-03T14:38:08","slug":"ceniky","status":"publish","type":"page","link":"http:\/\/drzenkl.cz\/?page_id=73","title":{"rendered":"Cen\u00edky"},"content":{"rendered":"<p>[et_pb_section fb_built=&#8220;1&#8243; fullwidth=&#8220;on&#8220; admin_label=&#8220;Header&#8220; _builder_version=&#8220;4.6.2&#8243; background_image=&#8220;http:\/\/drzenkl.cz\/wp-content\/uploads\/2020\/09\/vlak-1-e1602004858166.jpg&#8220; box_shadow_style=&#8220;preset7&#8243; box_shadow_horizontal=&#8220;0px&#8220; box_shadow_vertical=&#8220;-80px&#8220; box_shadow_color=&#8220;#000000&#8243;][et_pb_fullwidth_header title=&#8220;Cen\u00edky&#8220; subhead=&#8220;Provozujeme vle\u010dky a m\u00edstn\u00ed dr\u00e1hy od roku 1994&#8243; button_two_url=&#8220;\/?page_id=77&#8243; logo_image_url=&#8220;http:\/\/drzenkl.cz\/wp-content\/uploads\/2020\/10\/electrician_04.png&#8220; content_max_width=&#8220;700px&#8220; _builder_version=&#8220;4.6.2&#8243; title_font=&#8220;Libre Franklin|700|||||||&#8220; title_font_size=&#8220;49px&#8220; title_line_height=&#8220;1.2em&#8220; subhead_font=&#8220;|600|||||||&#8220; subhead_text_color=&#8220;#ffb400&#8243; subhead_font_size=&#8220;20px&#8220; background_color=&#8220;rgba(0,0,0,0)&#8220; use_background_color_gradient=&#8220;on&#8220; background_color_gradient_start=&#8220;rgba(0,0,0,0)&#8220; background_color_gradient_end=&#8220;rgba(0,0,0,0.9)&#8220; background_color_gradient_type=&#8220;radial&#8220; background_color_gradient_direction_radial=&#8220;right&#8220; background_color_gradient_start_position=&#8220;10%&#8220; background_color_gradient_end_position=&#8220;60%&#8220; background_image=&#8220;http:\/\/drzenkl.cz\/wp-content\/uploads\/2020\/10\/electrician_17.png&#8220; background_position=&#8220;bottom_center&#8220; custom_button_one=&#8220;on&#8220; button_one_text_size=&#8220;14px&#8220; button_one_text_color=&#8220;#ffffff&#8220; button_one_bg_color=&#8220;#004ffe&#8220; button_one_border_width=&#8220;20px&#8220; button_one_border_color=&#8220;rgba(0,0,0,0)&#8220; button_one_border_radius=&#8220;0px&#8220; button_one_letter_spacing=&#8220;3px&#8220; button_one_font=&#8220;Libre Franklin|700||on|||||&#8220; button_one_icon=&#8220;%%3%%&#8220; custom_button_two=&#8220;on&#8220; button_two_text_size=&#8220;14px&#8220; button_two_text_color=&#8220;#004ffe&#8220; button_two_bg_color=&#8220;#ffffff&#8220; button_two_border_width=&#8220;20px&#8220; button_two_border_color=&#8220;rgba(0,0,0,0)&#8220; button_two_border_radius=&#8220;0px&#8220; button_two_letter_spacing=&#8220;3px&#8220; button_two_font=&#8220;Libre Franklin|700||on|||||&#8220; button_two_icon=&#8220;%%3%%&#8220; custom_margin=&#8220;||||false&#8220; custom_padding=&#8220;3vw||8vw||false|&#8220; custom_padding_tablet=&#8220;80px||180px|&#8220; custom_padding_phone=&#8220;&#8220; custom_padding_last_edited=&#8220;on|phone&#8220; title_font_size_tablet=&#8220;54px&#8220; title_font_size_phone=&#8220;28px&#8220; title_font_size_last_edited=&#8220;on|phone&#8220; subhead_font_size_tablet=&#8220;54px&#8220; subhead_font_size_phone=&#8220;24px&#8220; subhead_font_size_last_edited=&#8220;on|phone&#8220; box_shadow_style_button_one=&#8220;preset4&#8243; box_shadow_horizontal_button_one=&#8220;-20px&#8220; box_shadow_vertical_button_one=&#8220;-20px&#8220; box_shadow_spread_button_one=&#8220;-5px&#8220; box_shadow_color_button_one=&#8220;rgba(0,79,254,0.4)&#8220; box_shadow_style_button_two=&#8220;preset4&#8243; box_shadow_horizontal_button_two=&#8220;20px&#8220; box_shadow_vertical_button_two=&#8220;20px&#8220; box_shadow_spread_button_two=&#8220;-5px&#8220; box_shadow_color_button_two=&#8220;rgba(255,255,255,0.2)&#8220; button_one_letter_spacing_hover=&#8220;3px&#8220; button_two_letter_spacing_hover=&#8220;3px&#8220; button_one_text_size__hover_enabled=&#8220;off&#8220; button_two_text_size__hover_enabled=&#8220;off&#8220; button_one_text_color__hover_enabled=&#8220;off&#8220; button_two_text_color__hover_enabled=&#8220;off&#8220; button_one_border_width__hover_enabled=&#8220;off&#8220; button_two_border_width__hover_enabled=&#8220;off&#8220; button_one_border_color__hover_enabled=&#8220;off&#8220; button_two_border_color__hover_enabled=&#8220;off&#8220; button_one_border_radius__hover_enabled=&#8220;off&#8220; button_two_border_radius__hover_enabled=&#8220;off&#8220; button_one_letter_spacing__hover_enabled=&#8220;on&#8220; button_one_letter_spacing__hover=&#8220;3px&#8220; button_two_letter_spacing__hover_enabled=&#8220;on&#8220; button_two_letter_spacing__hover=&#8220;3px&#8220; button_one_bg_color__hover_enabled=&#8220;off&#8220; button_two_bg_color__hover_enabled=&#8220;off&#8220;][\/et_pb_fullwidth_header][\/et_pb_section][et_pb_section fb_built=&#8220;1&#8243; admin_label=&#8220;Coaching&#8220; _builder_version=&#8220;3.22&#8243; background_color=&#8220;#000000&#8243; custom_padding=&#8220;15px|0px|0|0px|false|false&#8220;][et_pb_row column_structure=&#8220;1_2,1_2&#8243; _builder_version=&#8220;3.25&#8243; min_height=&#8220;574px&#8220; custom_margin=&#8220;46px|auto||auto||&#8220; custom_padding=&#8220;1px||74px|||&#8220;][et_pb_column type=&#8220;1_2&#8243; _builder_version=&#8220;3.25&#8243; custom_padding=&#8220;|||&#8220; custom_padding__hover=&#8220;|||&#8220;][et_pb_text _builder_version=&#8220;4.6.2&#8243; text_font=&#8220;||||||||&#8220; text_font_size=&#8220;16px&#8220; text_line_height=&#8220;1.8em&#8220; header_font=&#8220;||||||||&#8220; header_2_font=&#8220;Libre Franklin|300|||||||&#8220; header_2_font_size=&#8220;42px&#8220; header_2_line_height=&#8220;1.4em&#8220; header_4_font=&#8220;Libre Franklin|600|||||||&#8220; header_4_text_color=&#8220;#ffb400&#8243; background_layout=&#8220;dark&#8220; custom_padding=&#8220;0px|||||&#8220; locked=&#8220;off&#8220;]<\/p>\n<h4>Provozov\u00e1n\u00ed dr\u00e1hy vle\u010dky:\u00a0<\/h4>\n<p><span>od 2400,- K\u010d\/m\u011bs\u00ed\u010dn\u011b (minimum) do 9800\/m\u011bs\u00ed\u010dn\u011b (strop)<\/span><\/p>\n<h4>Provozov\u00e1n\u00ed hnac\u00edho vozidla:<\/h4>\n<p>od 1000,- K\u010d\/m\u011bs., v\u010detn\u011b reviz\u00ed tlakov\u00fdch UTZ<\/p>\n<h4>Licen\u010dn\u00ed vjezd na vle\u010dku:<\/h4>\n<p>2200,- K\u010d\/jednor\u00e1zov\u011b<\/p>\n<h4>\u010ci\u0161t\u011bn\u00ed\/maz\u00e1n\u00ed v\u00fdm\u011bn:<\/h4>\n<p>od 450,- K\u010d\/m\u011bs.<\/p>\n<p>&nbsp;<\/p>\n<p>&nbsp;<\/p>\n<p>&nbsp;<\/p>\n<p><em>* ceny neobsahuj\u00ed povinn\u00e9 platby t\u0159et\u00edm stran\u00e1m na styku drah (Spr\u00e1va \u017eeleznic s.o., technick\u00fd\u00a0<\/em>komisa\u0159 dr\u00e1\u017en\u00edho \u00fa\u0159adu pro hnac\u00ed vozidla apod.)<\/p>\n<p><em>*ceny jsou uvedeny bez DPH<\/em><\/p>\n<p>[\/et_pb_text][\/et_pb_column][et_pb_column type=&#8220;1_2&#8243; _builder_version=&#8220;3.25&#8243; custom_padding=&#8220;|||&#8220; custom_padding__hover=&#8220;|||&#8220;][et_pb_text _builder_version=&#8220;4.6.2&#8243; text_font=&#8220;||||||||&#8220; text_font_size=&#8220;16px&#8220; text_line_height=&#8220;1.8em&#8220; header_font=&#8220;||||||||&#8220; header_2_font=&#8220;Libre Franklin|300|||||||&#8220; header_2_font_size=&#8220;42px&#8220; header_2_line_height=&#8220;1.4em&#8220; header_4_font=&#8220;Libre Franklin|600|||||||&#8220; header_4_text_color=&#8220;#ffb400&#8243; background_layout=&#8220;dark&#8220; custom_padding=&#8220;0px|||||&#8220; locked=&#8220;off&#8220;]<\/p>\n<h4>V\u00fd\u0159ez zelen\u011b v obvodu dr\u00e1hy:<\/h4>\n<p>od 26,- K\u010d\/m2\u00a0 (bez odvozu na skl\u00e1dku)<\/p>\n<h4>Chemick\u00fd post\u0159ik vegetace:<\/h4>\n<p>1,80 K\u010d\/m2<\/p>\n<h4>RID \u2013 poradenstv\u00ed:<\/h4>\n<p>od 90 EUR\/m\u011bs\u00ed\u010dn\u011b (z\u00e1kladn\u00ed sazba) do 650 EUR\/m\u011bs\u00ed\u010dn\u011b (strop)<\/p>\n<h4>Deponie\/stojn\u00e9 voz\u016f na vle\u010dce (ve prosp\u011bch vlastn\u00edka vle\u010dky):<\/h4>\n<p>od 15,-\/20,- K\u010d\/ dvouos\u00fd\/\u010dty\u0159os\u00fd v\u016fz\/den<\/p>\n<h4>Vyj\u00e1d\u0159en\u00ed ke stavb\u011b v ochrann\u00e9m p\u00e1smu\/obvodu dr\u00e1hy-vle\u010dky:<\/h4>\n<p>1350,- K\u010d<\/p>\n<h4>Evidence vjezdu (\u00a722a z\u00e1k.\u010d.266\/1994 Sb.:<\/h4>\n<p>Od 376,- K\u010d\/m\u011bs.<\/p>\n<p><em><\/em><\/p>\n<p>[\/et_pb_text][\/et_pb_column][\/et_pb_row][\/et_pb_section]<\/p>\n","protected":false},"excerpt":{"rendered":"<p>[et_pb_section fb_built=&#8220;1&#8243; fullwidth=&#8220;on&#8220; admin_label=&#8220;Header&#8220; _builder_version=&#8220;4.6.2&#8243; background_image=&#8220;http:\/\/drzenkl.cz\/wp-content\/uploads\/2020\/09\/vlak-1-e1602004858166.jpg&#8220; box_shadow_style=&#8220;preset7&#8243; box_shadow_horizontal=&#8220;0px&#8220; box_shadow_vertical=&#8220;-80px&#8220; box_shadow_color=&#8220;#000000&#8243;][et_pb_fullwidth_header title=&#8220;Cen\u00edky&#8220; subhead=&#8220;Provozujeme vle\u010dky a m\u00edstn\u00ed dr\u00e1hy od roku 1994&#8243; button_two_url=&#8220;\/?page_id=77&#8243; logo_image_url=&#8220;http:\/\/drzenkl.cz\/wp-content\/uploads\/2020\/10\/electrician_04.png&#8220; content_max_width=&#8220;700px&#8220; _builder_version=&#8220;4.6.2&#8243; title_font=&#8220;Libre Franklin|700|||||||&#8220; title_font_size=&#8220;49px&#8220; title_line_height=&#8220;1.2em&#8220; subhead_font=&#8220;|600|||||||&#8220; subhead_text_color=&#8220;#ffb400&#8243; subhead_font_size=&#8220;20px&#8220; background_color=&#8220;rgba(0,0,0,0)&#8220; use_background_color_gradient=&#8220;on&#8220; background_color_gradient_start=&#8220;rgba(0,0,0,0)&#8220; background_color_gradient_end=&#8220;rgba(0,0,0,0.9)&#8220; background_color_gradient_type=&#8220;radial&#8220; background_color_gradient_direction_radial=&#8220;right&#8220; background_color_gradient_start_position=&#8220;10%&#8220; background_color_gradient_end_position=&#8220;60%&#8220; background_image=&#8220;http:\/\/drzenkl.cz\/wp-content\/uploads\/2020\/10\/electrician_17.png&#8220; background_position=&#8220;bottom_center&#8220; custom_button_one=&#8220;on&#8220; button_one_text_size=&#8220;14px&#8220; button_one_text_color=&#8220;#ffffff&#8220; button_one_bg_color=&#8220;#004ffe&#8220; button_one_border_width=&#8220;20px&#8220; button_one_border_color=&#8220;rgba(0,0,0,0)&#8220; button_one_border_radius=&#8220;0px&#8220; button_one_letter_spacing=&#8220;3px&#8220; button_one_font=&#8220;Libre Franklin|700||on|||||&#8220; button_one_icon=&#8220;%%3%%&#8220; custom_button_two=&#8220;on&#8220; button_two_text_size=&#8220;14px&#8220; button_two_text_color=&#8220;#004ffe&#8220; button_two_bg_color=&#8220;#ffffff&#8220; [&hellip;]<\/p>\n","protected":false},"author":1,"featured_media":0,"parent":0,"menu_order":0,"comment_status":"closed","ping_status":"closed","template":"","meta":{"_et_pb_use_builder":"on","_et_pb_old_content":"<!-- wp:divi\/placeholder \/-->","_et_gb_content_width":""},"_links":{"self":[{"href":"http:\/\/drzenkl.cz\/index.php?rest_route=\/wp\/v2\/pages\/73"}],"collection":[{"href":"http:\/\/drzenkl.cz\/index.php?rest_route=\/wp\/v2\/pages"}],"about":[{"href":"http:\/\/drzenkl.cz\/index.php?rest_route=\/wp\/v2\/types\/page"}],"author":[{"embeddable":true,"href":"http:\/\/drzenkl.cz\/index.php?rest_route=\/wp\/v2\/users\/1"}],"replies":[{"embeddable":true,"href":"http:\/\/drzenkl.cz\/index.php?rest_route=%2Fwp%2Fv2%2Fcomments&post=73"}],"version-history":[{"count":10,"href":"http:\/\/drzenkl.cz\/index.php?rest_route=\/wp\/v2\/pages\/73\/revisions"}],"predecessor-version":[{"id":329,"href":"http:\/\/drzenkl.cz\/index.php?rest_route=\/wp\/v2\/pages\/73\/revisions\/329"}],"wp:attachment":[{"href":"http:\/\/drzenkl.cz\/index.php?rest_route=%2Fwp%2Fv2%2Fmedia&parent=73"}],"curies":[{"name":"wp","href":"https:\/\/api.w.org\/{rel}","templated":true}]}}